{"id":295,"date":"2021-02-05T08:36:43","date_gmt":"2021-02-05T07:36:43","guid":{"rendered":"http:\/\/chemindeferdebonrepos.com\/?page_id=295"},"modified":"2021-02-05T09:18:00","modified_gmt":"2021-02-05T08:18:00","slug":"liens","status":"publish","type":"page","link":"https:\/\/chemindeferdebonrepos.com\/index.php\/liens\/","title":{"rendered":"LIENS"},"content":{"rendered":"\n<p><a href=\"https:\/\/chemindeferdebonrepos.com\/index.php\/nos-soutiens-ferroviaires\/\">Nos soutiens ferroviaires historiques<\/a><\/p>\n\n\n\n<p><a href=\"http:\/\/chemindeferdebonrepos.com\/index.php\/a-voir-ou-a-faire-en-centre-bretagne\/\">A faire ou voir en Centre Bretagne<\/a><\/p>\n\n\n\n<p>O\u00f9 manger \u00e0 Gouarec et ses environs .<\/p>\n\n\n\n<p>O\u00f9 se loger \u00e0 Gouarec?<\/p>\n\n\n\n<p>Nos partenaires institutionnels<\/p>\n\n\n\n<p><\/p>\n","protected":false},"excerpt":{"rendered":"<p>Nos soutiens ferroviaires historiques A faire ou voir en Centre Bretagne O\u00f9 manger \u00e0 Gouarec et ses environs . O\u00f9 se loger \u00e0 Gouarec? Nos partenaires institutionnels<\/p>\n","protected":false},"author":3,"featured_media":0,"parent":0,"menu_order":0,"comment_status":"closed","ping_status":"closed","template":"","meta":[],"_links":{"self":[{"href":"https:\/\/chemindeferdebonrepos.com\/index.php\/wp-json\/wp\/v2\/pages\/295"}],"collection":[{"href":"https:\/\/chemindeferdebonrepos.com\/index.php\/wp-json\/wp\/v2\/pages"}],"about":[{"href":"https:\/\/chemindeferdebonrepos.com\/index.php\/wp-json\/wp\/v2\/types\/page"}],"author":[{"embeddable":true,"href":"https:\/\/chemindeferdebonrepos.com\/index.php\/wp-json\/wp\/v2\/users\/3"}],"replies":[{"embeddable":true,"href":"https:\/\/chemindeferdebonrepos.com\/index.php\/wp-json\/wp\/v2\/comments?post=295"}],"version-history":[{"count":4,"href":"https:\/\/chemindeferdebonrepos.com\/index.php\/wp-json\/wp\/v2\/pages\/295\/revisions"}],"predecessor-version":[{"id":658,"href":"https:\/\/chemindeferdebonrepos.com\/index.php\/wp-json\/wp\/v2\/pages\/295\/revisions\/658"}],"wp:attachment":[{"href":"https:\/\/chemindeferdebonrepos.com\/index.php\/wp-json\/wp\/v2\/media?parent=295"}],"curies":[{"name":"wp","href":"https:\/\/api.w.org\/{rel}","templated":true}]}}