{"id":174,"date":"2021-01-24T21:39:31","date_gmt":"2021-01-24T20:39:31","guid":{"rendered":"http:\/\/chemindeferdebonrepos.com\/?page_id=174"},"modified":"2026-01-20T17:24:30","modified_gmt":"2026-01-20T16:24:30","slug":"chemin-de-fer-de-bon-repos","status":"publish","type":"page","link":"https:\/\/chemindeferdebonrepos.com\/","title":{"rendered":"ACCUEIL"},"content":{"rendered":"\n<p><strong><em><strong><span class=\"has-inline-color has-vivid-red-color\">LE TRAIN EST DE RETOUR APRES UNE DISPARITION DE 58 ANS !!!<\/span><\/strong><\/em><\/strong><\/p>\n\n\n\n<p>Victime du \u00ab\u00a0tout automobile\u00a0\u00bb des ann\u00e9es 60\/70, le R\u00e9seau Breton a disparu en 1967.<\/p>\n\n\n\n<div class=\"wp-block-image\"><figure class=\"aligncenter size-large is-resized\"><img loading=\"lazy\" src=\"https:\/\/chemindeferdebonrepos.com\/wp-content\/uploads\/2024\/11\/Gare-de-Gouarec-1967-68-1-1024x696.jpg\" alt=\"\" class=\"wp-image-635\" width=\"564\" height=\"384\" srcset=\"https:\/\/chemindeferdebonrepos.com\/wp-content\/uploads\/2024\/11\/Gare-de-Gouarec-1967-68-1-1024x696.jpg 1024w, https:\/\/chemindeferdebonrepos.com\/wp-content\/uploads\/2024\/11\/Gare-de-Gouarec-1967-68-1-300x204.jpg 300w, https:\/\/chemindeferdebonrepos.com\/wp-content\/uploads\/2024\/11\/Gare-de-Gouarec-1967-68-1-768x522.jpg 768w, https:\/\/chemindeferdebonrepos.com\/wp-content\/uploads\/2024\/11\/Gare-de-Gouarec-1967-68-1-1536x1045.jpg 1536w, https:\/\/chemindeferdebonrepos.com\/wp-content\/uploads\/2024\/11\/Gare-de-Gouarec-1967-68-1-2048x1393.jpg 2048w\" sizes=\"(max-width: 564px) 100vw, 564px\" \/><\/figure><\/div>\n\n\n\n<p>Entreprise en 2010, la reconstruction d&rsquo;un tron\u00e7on \u00e0 vocation touristique du R\u00e9seau Breton s&rsquo;est ach\u00e8v\u00e9e en 2021. Tout est pr\u00eat pour vous accueillir!<\/p>\n\n\n\n<p><strong><span class=\"has-inline-color has-black-color\">REPRISE DES CIRCULATIONS :<\/span><\/strong><\/p>\n\n\n\n<p><strong><span class=\"has-inline-color has-black-color\"> <\/span><\/strong><span class=\"has-inline-color has-vivid-green-cyan-color\">Lundi  6 AVRIL 2026 <\/span>: l&rsquo;ouverture de la saison 2026,le \u00ab\u00a0P\u00e2ques Express\u00a0\u00bb.<\/p>\n\n\n\n<p><strong><span style=\"color:#092bf6\" class=\"has-inline-color\">ATTENTION AU DEPART !!!!!!!<\/span><\/strong><\/p>\n\n\n\n<p><\/p>\n\n\n\n<p>La ligne est \u00e9galement parcourue par des v\u00e9lorails.<\/p>\n\n\n\n<p>Rendez vous sur le site du <a href=\"https:\/\/velorail.bzh\/\">VELORAIL DU KREIZ BREIZH<\/a><\/p>\n\n\n\n<p class=\"has-text-align-center\"><strong><span class=\"has-inline-color has-vivid-red-color\">COMPTE TENU DE LA FREQUENTATION  DES CIRCULATIONS, LA  RESERVATION EST OBLIGATOIRE  <\/span><\/strong><\/p>\n\n\n\n<p class=\"has-text-align-center\"><strong><span class=\"has-inline-color has-vivid-red-color\">en ligne : suivre l&rsquo;onglet \u00ab\u00a0R\u00e9server maintenant\u00a0\u00bb <\/span><\/strong><\/p>\n\n\n\n<div class=\"wp-block-image\"><figure class=\"aligncenter size-large is-resized\"><img loading=\"lazy\" src=\"https:\/\/chemindeferdebonrepos.com\/wp-content\/uploads\/2023\/11\/photo-flyer-2021.jpg\" alt=\"\" class=\"wp-image-525\" width=\"575\" height=\"431\" srcset=\"https:\/\/chemindeferdebonrepos.com\/wp-content\/uploads\/2023\/11\/photo-flyer-2021.jpg 1009w, https:\/\/chemindeferdebonrepos.com\/wp-content\/uploads\/2023\/11\/photo-flyer-2021-300x225.jpg 300w, https:\/\/chemindeferdebonrepos.com\/wp-content\/uploads\/2023\/11\/photo-flyer-2021-768x576.jpg 768w\" sizes=\"(max-width: 575px) 100vw, 575px\" \/><\/figure><\/div>\n\n\n\n<div class=\"wp-block-image\"><figure class=\"aligncenter size-large is-resized\"><img loading=\"lazy\" src=\"https:\/\/chemindeferdebonrepos.com\/wp-content\/uploads\/2023\/12\/ACCUEIL-VELO_LOGO_RVB.jpg\" alt=\"\" class=\"wp-image-561\" width=\"197\" height=\"262\" srcset=\"https:\/\/chemindeferdebonrepos.com\/wp-content\/uploads\/2023\/12\/ACCUEIL-VELO_LOGO_RVB.jpg 709w, https:\/\/chemindeferdebonrepos.com\/wp-content\/uploads\/2023\/12\/ACCUEIL-VELO_LOGO_RVB-225x300.jpg 225w\" sizes=\"(max-width: 197px) 100vw, 197px\" \/><figcaption>Le site de la Gare de Gouarec est labellis\u00e9 Accueil V\u00e9lo<\/figcaption><\/figure><\/div>\n","protected":false},"excerpt":{"rendered":"<p>LE TRAIN EST DE RETOUR APRES UNE DISPARITION DE 58 ANS !!! Victime du \u00ab\u00a0tout automobile\u00a0\u00bb des ann\u00e9es 60\/70, le R\u00e9seau Breton a disparu en 1967. Entreprise en 2010, la reconstruction d&rsquo;un tron\u00e7on \u00e0 vocation touristique du R\u00e9seau Breton s&rsquo;est ach\u00e8v\u00e9e en 2021. Tout est pr\u00eat pour vous accueillir! REPRISE DES CIRCULATIONS : Lundi 6 &hellip; <\/p>\n<p class=\"link-more\"><a href=\"https:\/\/chemindeferdebonrepos.com\/\" class=\"more-link\">Continuer la lecture<span class=\"screen-reader-text\"> de &laquo;&nbsp;ACCUEIL&nbsp;&raquo;<\/span><\/a><\/p>\n","protected":false},"author":3,"featured_media":0,"parent":0,"menu_order":0,"comment_status":"closed","ping_status":"closed","template":"","meta":[],"_links":{"self":[{"href":"https:\/\/chemindeferdebonrepos.com\/index.php\/wp-json\/wp\/v2\/pages\/174"}],"collection":[{"href":"https:\/\/chemindeferdebonrepos.com\/index.php\/wp-json\/wp\/v2\/pages"}],"about":[{"href":"https:\/\/chemindeferdebonrepos.com\/index.php\/wp-json\/wp\/v2\/types\/page"}],"author":[{"embeddable":true,"href":"https:\/\/chemindeferdebonrepos.com\/index.php\/wp-json\/wp\/v2\/users\/3"}],"replies":[{"embeddable":true,"href":"https:\/\/chemindeferdebonrepos.com\/index.php\/wp-json\/wp\/v2\/comments?post=174"}],"version-history":[{"count":30,"href":"https:\/\/chemindeferdebonrepos.com\/index.php\/wp-json\/wp\/v2\/pages\/174\/revisions"}],"predecessor-version":[{"id":667,"href":"https:\/\/chemindeferdebonrepos.com\/index.php\/wp-json\/wp\/v2\/pages\/174\/revisions\/667"}],"wp:attachment":[{"href":"https:\/\/chemindeferdebonrepos.com\/index.php\/wp-json\/wp\/v2\/media?parent=174"}],"curies":[{"name":"wp","href":"https:\/\/api.w.org\/{rel}","templated":true}]}}

<p><strong><em><strong><span class="has-inline-color has-vivid-red-color">LE TRAIN EST DE RETOUR APRES UNE DISPARITION DE 58 ANS !!!</span></strong></em></strong></p>



<p>Victime du « tout automobile » des années 60/70, le Réseau Breton a disparu en 1967.</p>



<div class="wp-block-image"><figure class="aligncenter size-large is-resized"><img loading="lazy" src="https://chemindeferdebonrepos.com/wp-content/uploads/2024/11/Gare-de-Gouarec-1967-68-1-1024x696.jpg" alt="" class="wp-image-635" width="564" height="384" srcset="https://chemindeferdebonrepos.com/wp-content/uploads/2024/11/Gare-de-Gouarec-1967-68-1-1024x696.jpg 1024w, https://chemindeferdebonrepos.com/wp-content/uploads/2024/11/Gare-de-Gouarec-1967-68-1-300x204.jpg 300w, https://chemindeferdebonrepos.com/wp-content/uploads/2024/11/Gare-de-Gouarec-1967-68-1-768x522.jpg 768w, https://chemindeferdebonrepos.com/wp-content/uploads/2024/11/Gare-de-Gouarec-1967-68-1-1536x1045.jpg 1536w, https://chemindeferdebonrepos.com/wp-content/uploads/2024/11/Gare-de-Gouarec-1967-68-1-2048x1393.jpg 2048w" sizes="(max-width: 564px) 100vw, 564px" /></figure></div>



<p>Entreprise en 2010, la reconstruction d&rsquo;un tronçon à vocation touristique du Réseau Breton s&rsquo;est achèvée en 2021. Tout est prêt pour vous accueillir!</p>



<p><strong><span class="has-inline-color has-black-color">REPRISE DES CIRCULATIONS :</span></strong></p>



<p><strong><span class="has-inline-color has-black-color"> </span></strong><span class="has-inline-color has-vivid-green-cyan-color">Lundi  6 AVRIL 2026 </span>: l&rsquo;ouverture de la saison 2026,le « Pâques Express ».</p>



<p><strong><span style="color:#092bf6" class="has-inline-color">ATTENTION AU DEPART !!!!!!!</span></strong></p>



<p></p>



<p>La ligne est également parcourue par des vélorails.</p>



<p>Rendez vous sur le site du <a href="https://velorail.bzh/">VELORAIL DU KREIZ BREIZH</a></p>



<p class="has-text-align-center"><strong><span class="has-inline-color has-vivid-red-color">COMPTE TENU DE LA FREQUENTATION  DES CIRCULATIONS, LA  RESERVATION EST OBLIGATOIRE  </span></strong></p>



<p class="has-text-align-center"><strong><span class="has-inline-color has-vivid-red-color">en ligne : suivre l&rsquo;onglet « Réserver maintenant » </span></strong></p>



<div class="wp-block-image"><figure class="aligncenter size-large is-resized"><img loading="lazy" src="https://chemindeferdebonrepos.com/wp-content/uploads/2023/11/photo-flyer-2021.jpg" alt="" class="wp-image-525" width="575" height="431" srcset="https://chemindeferdebonrepos.com/wp-content/uploads/2023/11/photo-flyer-2021.jpg 1009w, https://chemindeferdebonrepos.com/wp-content/uploads/2023/11/photo-flyer-2021-300x225.jpg 300w, https://chemindeferdebonrepos.com/wp-content/uploads/2023/11/photo-flyer-2021-768x576.jpg 768w" sizes="(max-width: 575px) 100vw, 575px" /></figure></div>



<div class="wp-block-image"><figure class="aligncenter size-large is-resized"><img loading="lazy" src="https://chemindeferdebonrepos.com/wp-content/uploads/2023/12/ACCUEIL-VELO_LOGO_RVB.jpg" alt="" class="wp-image-561" width="197" height="262" srcset="https://chemindeferdebonrepos.com/wp-content/uploads/2023/12/ACCUEIL-VELO_LOGO_RVB.jpg 709w, https://chemindeferdebonrepos.com/wp-content/uploads/2023/12/ACCUEIL-VELO_LOGO_RVB-225x300.jpg 225w" sizes="(max-width: 197px) 100vw, 197px" /><figcaption>Le site de la Gare de Gouarec est labellisé Accueil Vélo</figcaption></figure></div>

<p>LE TRAIN EST DE RETOUR APRES UNE DISPARITION DE 58 ANS !!! Victime du « tout automobile » des années 60/70, le Réseau Breton a disparu en 1967. Entreprise en 2010, la reconstruction d&rsquo;un tronçon à vocation touristique du Réseau Breton s&rsquo;est achèvée en 2021. Tout est prêt pour vous accueillir! REPRISE DES CIRCULATIONS : Lundi 6 &hellip; </p>
<p class="link-more"><a href="https://chemindeferdebonrepos.com/" class="more-link">Continuer la lecture<span class="screen-reader-text"> de &laquo;&nbsp;ACCUEIL&nbsp;&raquo;</span></a></p>
